{"id":13,"date":"2025-04-23T09:36:26","date_gmt":"2025-04-23T09:36:26","guid":{"rendered":"https:\/\/camma2.ngmprojektit.fi\/?page_id=13"},"modified":"2025-05-12T11:39:51","modified_gmt":"2025-05-12T11:39:51","slug":"nuohous","status":"publish","type":"page","link":"https:\/\/camma2.ngmprojektit.fi\/index.php\/nuohous\/","title":{"rendered":"Nuohous"},"content":{"rendered":"\t\t<div data-elementor-type=\"wp-page\" data-elementor-id=\"13\" class=\"elementor elementor-13\" data-elementor-post-type=\"page\">\n\t\t\t\t\t\t<section class=\"elementor-section elementor-top-section elementor-element elementor-element-5a4a9b4 elementor-section-boxed elementor-section-height-default elementor-section-height-default\" data-id=\"5a4a9b4\" data-element_type=\"section\" data-settings=\"{&quot;background_background&quot;:&quot;classic&quot;,&quot;background_motion_fx_motion_fx_scrolling&quot;:&quot;yes&quot;,&quot;background_motion_fx_scale_effect&quot;:&quot;yes&quot;,&quot;background_motion_fx_scale_direction&quot;:&quot;out-in&quot;,&quot;background_motion_fx_scale_speed&quot;:{&quot;unit&quot;:&quot;px&quot;,&quot;size&quot;:4,&quot;sizes&quot;:[]},&quot;background_motion_fx_scale_range&quot;:{&quot;unit&quot;:&quot;%&quot;,&quot;size&quot;:&quot;&quot;,&quot;sizes&quot;:{&quot;start&quot;:20,&quot;end&quot;:80}},&quot;background_motion_fx_devices&quot;:[&quot;desktop&quot;,&quot;tablet&quot;,&quot;mobile&quot;]}\">\n\t\t\t\t\t\t\t<div class=\"elementor-background-overlay\"><\/div>\n\t\t\t\t\t\t\t<div class=\"elementor-container elementor-column-gap-default\">\n\t\t\t\t\t<div class=\"elementor-column elementor-col-50 elementor-top-column elementor-element elementor-element-2610ac3\" data-id=\"2610ac3\" data-element_type=\"column\">\n\t\t\t<div class=\"elementor-widget-wrap elementor-element-populated\">\n\t\t\t\t\t\t<div class=\"elementor-element elementor-element-866b41f elementor-widget elementor-widget-heading\" data-id=\"866b41f\" data-element_type=\"widget\" data-widget_type=\"heading.default\">\n\t\t\t\t<div class=\"elementor-widget-container\">\n\t\t\t\t\t<h1 class=\"elementor-heading-title elementor-size-default\">Nuohous Helsingiss\u00e4 ja<br> Uudellamaalla\n<\/h1>\t\t\t\t<\/div>\n\t\t\t\t<\/div>\n\t\t\t\t<div class=\"elementor-element elementor-element-117a856 elementor-widget elementor-widget-text-editor\" data-id=\"117a856\" data-element_type=\"widget\" data-widget_type=\"text-editor.default\">\n\t\t\t\t<div class=\"elementor-widget-container\">\n\t\t\t\t\t\t\t\t\tNuohous on ennaltaehk\u00e4isev\u00e4\u00e4 palontorjuntaty\u00f6t\u00e4, joka on teht\u00e4v\u00e4 nuohoojan toimesta s\u00e4\u00e4nn\u00f6llisesti. \t\t\t\t\t\t\t\t<\/div>\n\t\t\t\t<\/div>\n\t\t\t\t\t<\/div>\n\t\t<\/div>\n\t\t\t\t<div class=\"elementor-column elementor-col-50 elementor-top-column elementor-element elementor-element-1f48a91\" data-id=\"1f48a91\" data-element_type=\"column\">\n\t\t\t<div class=\"elementor-widget-wrap\">\n\t\t\t\t\t\t\t<\/div>\n\t\t<\/div>\n\t\t\t\t\t<\/div>\n\t\t<\/section>\n\t\t\t\t<section class=\"elementor-section elementor-top-section elementor-element elementor-element-6f99bf5 elementor-section-boxed elementor-section-height-default elementor-section-height-default\" data-id=\"6f99bf5\" data-element_type=\"section\">\n\t\t\t\t\t\t<div class=\"elementor-container elementor-column-gap-default\">\n\t\t\t\t\t<div class=\"elementor-column elementor-col-100 elementor-top-column elementor-element elementor-element-72af9c4\" data-id=\"72af9c4\" data-element_type=\"column\">\n\t\t\t<div class=\"elementor-widget-wrap elementor-element-populated\">\n\t\t\t\t\t\t<section class=\"elementor-section elementor-inner-section elementor-element elementor-element-758c16d elementor-section-full_width elementor-section-height-default elementor-section-height-default\" data-id=\"758c16d\" data-element_type=\"section\">\n\t\t\t\t\t\t<div class=\"elementor-container elementor-column-gap-default\">\n\t\t\t\t\t<div class=\"elementor-column elementor-col-100 elementor-inner-column elementor-element elementor-element-0c2a5c1\" data-id=\"0c2a5c1\" data-element_type=\"column\">\n\t\t\t<div class=\"elementor-widget-wrap elementor-element-populated\">\n\t\t\t\t\t\t<div class=\"elementor-element elementor-element-7b88d60 elementor-widget elementor-widget-heading\" data-id=\"7b88d60\" data-element_type=\"widget\" data-widget_type=\"heading.default\">\n\t\t\t\t<div class=\"elementor-widget-container\">\n\t\t\t\t\t<h2 class=\"elementor-heading-title elementor-size-default\">Nuohous Helsingiss\u00e4 ja Uudellamaalla\n<\/h2>\t\t\t\t<\/div>\n\t\t\t\t<\/div>\n\t\t\t\t<div class=\"elementor-element elementor-element-c87fe97 elementor-widget elementor-widget-text-editor\" data-id=\"c87fe97\" data-element_type=\"widget\" data-widget_type=\"text-editor.default\">\n\t\t\t\t<div class=\"elementor-widget-container\">\n\t\t\t\t\t\t\t\t\t<p>Nuohous on ennaltaehk\u00e4isev\u00e4\u00e4 palontorjuntaty\u00f6t\u00e4, joka on teht\u00e4v\u00e4 nuohoojan toimesta s\u00e4\u00e4nn\u00f6llisesti. Nuohoukset tulee suorittaa kerran vuodessa pienkiinteist\u00f6iss\u00e4 ja ymp\u00e4ri vuoden k\u00e4yt\u00f6ss\u00e4 olevissa vapaa-ajan asunnoissa. Kes\u00e4aikaan k\u00e4ytett\u00e4viss\u00e4 vapaa-ajan asunnoissa nuohoukset t\u00e4ytyy tehd\u00e4 kolmen vuoden v\u00e4lein.<\/p><p>Meilt\u00e4 saat tarvitsemasi nuohouspalvelut Helsinkiin ja Uudellemaalle. Nuohoojamme huolehtii kohteesi paloturvallisuudesta nuohoamalla savuhormit ja tulisijat. Lis\u00e4ksi h\u00e4n tarkastaa k\u00e4ynnill\u00e4\u00e4n katon kulkutiet, tulisijojen ja hormien suojaet\u00e4isyydet sek\u00e4 ilmoittaa havaitsemistaan vioista kiinteist\u00f6n omistajalle ja paloviranomaiselle. H\u00e4n my\u00f6s opastaa tulisijan k\u00e4yt\u00f6ss\u00e4.<\/p><p>Teemme my\u00f6s keskusl\u00e4mmityskattiloiden sopimuspuhdistuksia, ja tarjoamme yhteisty\u00f6kumppaniemme kautta hormien korjauksia sek\u00e4 metallisia sadesuojia haluamastasi materiaalista valmistettuna.<\/p>\t\t\t\t\t\t\t\t<\/div>\n\t\t\t\t<\/div>\n\t\t\t\t<div class=\"elementor-element elementor-element-f167748 elementor-widget elementor-widget-heading\" data-id=\"f167748\" data-element_type=\"widget\" data-widget_type=\"heading.default\">\n\t\t\t\t<div class=\"elementor-widget-container\">\n\t\t\t\t\t<h2 class=\"elementor-heading-title elementor-size-default\">Nuohooja, Marko V\u00e4h\u00e4-Jaakkola\n<\/h2>\t\t\t\t<\/div>\n\t\t\t\t<\/div>\n\t\t\t\t<div class=\"elementor-element elementor-element-6b6243e elementor-align-left elementor-icon-list--layout-traditional elementor-list-item-link-full_width elementor-widget elementor-widget-icon-list\" data-id=\"6b6243e\" data-element_type=\"widget\" data-widget_type=\"icon-list.default\">\n\t\t\t\t<div class=\"elementor-widget-container\">\n\t\t\t\t\t\t\t<ul class=\"elementor-icon-list-items\">\n\t\t\t\t\t\t\t<li class=\"elementor-icon-list-item\">\n\t\t\t\t\t\t\t\t\t\t<span class=\"elementor-icon-list-text\">0400 612 599<\/span>\n\t\t\t\t\t\t\t\t\t<\/li>\n\t\t\t\t\t\t\t\t<li class=\"elementor-icon-list-item\">\n\t\t\t\t\t\t\t\t\t\t<span class=\"elementor-icon-list-text\">marko.vaha-jaakkola@vaha-jaakkola.fi<\/span>\n\t\t\t\t\t\t\t\t\t<\/li>\n\t\t\t\t\t\t<\/ul>\n\t\t\t\t\t\t<\/div>\n\t\t\t\t<\/div>\n\t\t\t\t\t<\/div>\n\t\t<\/div>\n\t\t\t\t\t<\/div>\n\t\t<\/section>\n\t\t\t\t\t<\/div>\n\t\t<\/div>\n\t\t\t\t\t<\/div>\n\t\t<\/section>\n\t\t\t\t<section class=\"elementor-section elementor-top-section elementor-element elementor-element-2e06a95 elementor-section-boxed elementor-section-height-default elementor-section-height-default\" data-id=\"2e06a95\" data-element_type=\"section\" data-settings=\"{&quot;background_background&quot;:&quot;classic&quot;}\">\n\t\t\t\t\t\t<div class=\"elementor-container elementor-column-gap-default\">\n\t\t\t\t\t<div class=\"elementor-column elementor-col-100 elementor-top-column elementor-element elementor-element-9c4d2d6\" data-id=\"9c4d2d6\" data-element_type=\"column\">\n\t\t\t<div class=\"elementor-widget-wrap elementor-element-populated\">\n\t\t\t\t\t\t<section class=\"elementor-section elementor-inner-section elementor-element elementor-element-a6eb642 elementor-section-full_width elementor-section-height-default elementor-section-height-default\" data-id=\"a6eb642\" data-element_type=\"section\">\n\t\t\t\t\t\t<div class=\"elementor-container elementor-column-gap-default\">\n\t\t\t\t\t<div class=\"elementor-column elementor-col-50 elementor-inner-column elementor-element elementor-element-c680eee\" data-id=\"c680eee\" data-element_type=\"column\" data-settings=\"{&quot;background_background&quot;:&quot;classic&quot;}\">\n\t\t\t<div class=\"elementor-widget-wrap elementor-element-populated\">\n\t\t\t\t\t\t<div class=\"elementor-element elementor-element-a223cc2 elementor-widget elementor-widget-spacer\" data-id=\"a223cc2\" data-element_type=\"widget\" data-widget_type=\"spacer.default\">\n\t\t\t\t<div class=\"elementor-widget-container\">\n\t\t\t\t\t\t\t<div class=\"elementor-spacer\">\n\t\t\t<div class=\"elementor-spacer-inner\"><\/div>\n\t\t<\/div>\n\t\t\t\t\t\t<\/div>\n\t\t\t\t<\/div>\n\t\t\t\t\t<\/div>\n\t\t<\/div>\n\t\t\t\t<div class=\"elementor-column elementor-col-50 elementor-inner-column elementor-element elementor-element-e4401db\" data-id=\"e4401db\" data-element_type=\"column\">\n\t\t\t<div class=\"elementor-widget-wrap elementor-element-populated\">\n\t\t\t\t\t\t<div class=\"elementor-element elementor-element-acb6d5d elementor-widget elementor-widget-heading\" data-id=\"acb6d5d\" data-element_type=\"widget\" data-widget_type=\"heading.default\">\n\t\t\t\t<div class=\"elementor-widget-container\">\n\t\t\t\t\t<h2 class=\"elementor-heading-title elementor-size-default\">Ilmanvaihto- ja <br>rasvakanavien nuohous\n<\/h2>\t\t\t\t<\/div>\n\t\t\t\t<\/div>\n\t\t\t\t<div class=\"elementor-element elementor-element-6e403e4 elementor-widget elementor-widget-text-editor\" data-id=\"6e403e4\" data-element_type=\"widget\" data-widget_type=\"text-editor.default\">\n\t\t\t\t<div class=\"elementor-widget-container\">\n\t\t\t\t\t\t\t\t\t<p>Toteutamme ilmanvaihtokanavien nuohoukset asuin-, liike- ja julkisille kiinteist\u00f6ille kaikkialla Uudenmaan alueella.\u00a0<\/p><p>Siin\u00e4 miss\u00e4 laki m\u00e4\u00e4ritt\u00e4\u00e4 ammattikeitti\u00f6iden, useiden alojen yritysten ja esimerkiksi oppimisymp\u00e4rist\u00f6jen ilmanvaihto- ja rasvakanavien nuohousv\u00e4lin, taloyhti\u00f6iden ja muiden asuinkiinteist\u00f6jen kanavat tulee nyky\u00e4\u00e4n tarkistaa s\u00e4\u00e4nn\u00f6llisesti ja puhdistaa tarvittaessa.\u00a0<\/p><p>Asuinkiinteist\u00f6jen puhdistusv\u00e4liin vaikuttaa siis muun muassa asuinymp\u00e4rist\u00f6 p\u00e4\u00e4st\u00f6ineen, ja yleens\u00e4 nuohous kannattaa suorittaa kohteesta riippuen 5\u201310 vuoden v\u00e4lein. Asiantuntijamme osaavat m\u00e4\u00e4ritt\u00e4\u00e4 kohteellenne sopivan nuohousv\u00e4lin, joten jos edellisest\u00e4 kerrasta on jo aikaa, kannattaa k\u00e4\u00e4nty\u00e4 puoleemme.<\/p><p>V\u00e4lt\u00e4 paloriski ja ep\u00e4puhtauden sis\u00e4ilmassa: tilaa Camma paikalle suorittamaan joko lakis\u00e4\u00e4teinen ilmanvaihtokanavien nuohous tai tarkistamaan kotisi tai taloyhti\u00f6si tilanne.<\/p><p><strong>S\u00e4\u00e4nn\u00f6lliset, sopimuspohjaiset iv- ja rasvakanavien nuohoukset kustannustehokkaimmin!<\/strong><\/p>\t\t\t\t\t\t\t\t<\/div>\n\t\t\t\t<\/div>\n\t\t\t\t<div class=\"elementor-element elementor-element-e93b3b2 elementor-widget elementor-widget-button\" data-id=\"e93b3b2\" data-element_type=\"widget\" data-widget_type=\"button.default\">\n\t\t\t\t<div class=\"elementor-widget-container\">\n\t\t\t\t\t\t\t\t\t<div class=\"elementor-button-wrapper\">\n\t\t\t\t\t<a class=\"elementor-button elementor-button-link elementor-size-sm\" href=\"#\">\n\t\t\t\t\t\t<span class=\"elementor-button-content-wrapper\">\n\t\t\t\t\t\t\t\t\t<span class=\"elementor-button-text\">Ota yhteytt\u00e4<\/span>\n\t\t\t\t\t<\/span>\n\t\t\t\t\t<\/a>\n\t\t\t\t<\/div>\n\t\t\t\t\t\t\t\t<\/div>\n\t\t\t\t<\/div>\n\t\t\t\t\t<\/div>\n\t\t<\/div>\n\t\t\t\t\t<\/div>\n\t\t<\/section>\n\t\t\t\t\t<\/div>\n\t\t<\/div>\n\t\t\t\t\t<\/div>\n\t\t<\/section>\n\t\t\t\t<section class=\"elementor-section elementor-top-section elementor-element elementor-element-26c60ee elementor-section-boxed elementor-section-height-default elementor-section-height-default\" data-id=\"26c60ee\" data-element_type=\"section\">\n\t\t\t\t\t\t<div class=\"elementor-container elementor-column-gap-default\">\n\t\t\t\t\t<div class=\"elementor-column elementor-col-100 elementor-top-column elementor-element elementor-element-789b98b\" data-id=\"789b98b\" data-element_type=\"column\">\n\t\t\t<div class=\"elementor-widget-wrap elementor-element-populated\">\n\t\t\t\t\t\t<section class=\"elementor-section elementor-inner-section elementor-element elementor-element-254548f elementor-section-full_width elementor-section-height-default elementor-section-height-default\" data-id=\"254548f\" data-element_type=\"section\">\n\t\t\t\t\t\t<div class=\"elementor-container elementor-column-gap-default\">\n\t\t\t\t\t<div class=\"elementor-column elementor-col-50 elementor-inner-column elementor-element elementor-element-7253608\" data-id=\"7253608\" data-element_type=\"column\">\n\t\t\t<div class=\"elementor-widget-wrap elementor-element-populated\">\n\t\t\t\t\t\t<div class=\"elementor-element elementor-element-8d8c8fe elementor-widget elementor-widget-heading\" data-id=\"8d8c8fe\" data-element_type=\"widget\" data-widget_type=\"heading.default\">\n\t\t\t\t<div class=\"elementor-widget-container\">\n\t\t\t\t\t<h2 class=\"elementor-heading-title elementor-size-default\">Meilt\u00e4 saat p\u00e4tev\u00f6ityneen nuohoojan\n<\/h2>\t\t\t\t<\/div>\n\t\t\t\t<\/div>\n\t\t\t\t<div class=\"elementor-element elementor-element-aa30bea elementor-widget elementor-widget-text-editor\" data-id=\"aa30bea\" data-element_type=\"widget\" data-widget_type=\"text-editor.default\">\n\t\t\t\t<div class=\"elementor-widget-container\">\n\t\t\t\t\t\t\t\t\t<p>Keski-Uudenmaan alueella nuohoustoiminta on vapautettu 1.1.2015 l\u00e4htien. K\u00e4yt\u00e4nn\u00f6ss\u00e4 t\u00e4m\u00e4 tarkoittaa sit\u00e4, ett\u00e4 asiakkaat voivat tilata ty\u00f6n alueella toimivilta nuohousalan yritt\u00e4jilt\u00e4 kunnasta riippumatta.\u00a0<\/p><p>Ty\u00f6n suorittavalta nuohoojalta vaaditaan minimiss\u00e4\u00e4n nuohoojan ammattitutkinto.\u00a0P\u00e4tevyyden voi tarkistaa Nuohousalan Keskusliitosta\u00a0<a href=\"http:\/\/www.nuohoojat.fi\/\" target=\"_blank\" rel=\"noopener\">www.nuohoojat.fi<\/a>.<\/p>\t\t\t\t\t\t\t\t<\/div>\n\t\t\t\t<\/div>\n\t\t\t\t<div class=\"elementor-element elementor-element-65f8c2d elementor-widget elementor-widget-heading\" data-id=\"65f8c2d\" data-element_type=\"widget\" data-widget_type=\"heading.default\">\n\t\t\t\t<div class=\"elementor-widget-container\">\n\t\t\t\t\t<h2 class=\"elementor-heading-title elementor-size-default\">Tutustu palveluihimme<\/h2>\t\t\t\t<\/div>\n\t\t\t\t<\/div>\n\t\t\t\t<div class=\"elementor-element elementor-element-f8ed1a3 elementor-widget elementor-widget-text-editor\" data-id=\"f8ed1a3\" data-element_type=\"widget\" data-widget_type=\"text-editor.default\">\n\t\t\t\t<div class=\"elementor-widget-container\">\n\t\t\t\t\t\t\t\t\t<ul><li>tiilikattojen pesut, huollot ja puhdistukset kotitalouksille<\/li><li>pinnoittamattomien peltikattojen pesut ja kunnostukset<\/li><li>kiinteist\u00f6nhoito 24\/7 vuoden jokaisena p\u00e4iv\u00e4n\u00e4<\/li><li>savuhormien sek\u00e4 ilmanvaihto- ja rasvakanavien nuohous<\/li><li>lumity\u00f6t, lumensiirto ja lumenpudotukset katolta<\/li><li>erikoispesut pihoille ja julkisivuille<\/li><li>taloyhti\u00f6iden talonmies -palvelut<\/li><\/ul><p>Laaja verkosto takaa onnistuneen lopputuloksen niin pieness\u00e4 kuin suuressakin kohteessa. Pyyd\u00e4 tarjous meid\u00e4n palveluista.<\/p>\t\t\t\t\t\t\t\t<\/div>\n\t\t\t\t<\/div>\n\t\t\t\t<div class=\"elementor-element elementor-element-b03ba12 elementor-widget elementor-widget-button\" data-id=\"b03ba12\" data-element_type=\"widget\" data-widget_type=\"button.default\">\n\t\t\t\t<div class=\"elementor-widget-container\">\n\t\t\t\t\t\t\t\t\t<div class=\"elementor-button-wrapper\">\n\t\t\t\t\t<a class=\"elementor-button elementor-button-link elementor-size-sm\" href=\"#\">\n\t\t\t\t\t\t<span class=\"elementor-button-content-wrapper\">\n\t\t\t\t\t\t\t\t\t<span class=\"elementor-button-text\">Ota yhteytt\u00e4<\/span>\n\t\t\t\t\t<\/span>\n\t\t\t\t\t<\/a>\n\t\t\t\t<\/div>\n\t\t\t\t\t\t\t\t<\/div>\n\t\t\t\t<\/div>\n\t\t\t\t\t<\/div>\n\t\t<\/div>\n\t\t\t\t<div class=\"elementor-column elementor-col-50 elementor-inner-column elementor-element elementor-element-3eb7fcc\" data-id=\"3eb7fcc\" data-element_type=\"column\" data-settings=\"{&quot;background_background&quot;:&quot;classic&quot;}\">\n\t\t\t<div class=\"elementor-widget-wrap elementor-element-populated\">\n\t\t\t\t\t\t<div class=\"elementor-element elementor-element-0f13842 elementor-widget elementor-widget-spacer\" data-id=\"0f13842\" data-element_type=\"widget\" data-widget_type=\"spacer.default\">\n\t\t\t\t<div class=\"elementor-widget-container\">\n\t\t\t\t\t\t\t<div class=\"elementor-spacer\">\n\t\t\t<div class=\"elementor-spacer-inner\"><\/div>\n\t\t<\/div>\n\t\t\t\t\t\t<\/div>\n\t\t\t\t<\/div>\n\t\t\t\t\t<\/div>\n\t\t<\/div>\n\t\t\t\t\t<\/div>\n\t\t<\/section>\n\t\t\t\t\t<\/div>\n\t\t<\/div>\n\t\t\t\t\t<\/div>\n\t\t<\/section>\n\t\t\t\t<section class=\"elementor-section elementor-top-section elementor-element elementor-element-6c5ec63 elementor-section-boxed elementor-section-height-default elementor-section-height-default\" data-id=\"6c5ec63\" data-element_type=\"section\" data-settings=\"{&quot;background_background&quot;:&quot;classic&quot;}\">\n\t\t\t\t\t\t\t<div class=\"elementor-background-overlay\"><\/div>\n\t\t\t\t\t\t\t<div class=\"elementor-container elementor-column-gap-default\">\n\t\t\t\t\t<div class=\"elementor-column elementor-col-100 elementor-top-column elementor-element elementor-element-423a29c\" data-id=\"423a29c\" data-element_type=\"column\">\n\t\t\t<div class=\"elementor-widget-wrap elementor-element-populated\">\n\t\t\t\t\t\t<div class=\"elementor-element elementor-element-06009c5 elementor-widget elementor-widget-heading\" data-id=\"06009c5\" data-element_type=\"widget\" data-widget_type=\"heading.default\">\n\t\t\t\t<div class=\"elementor-widget-container\">\n\t\t\t\t\t<h2 class=\"elementor-heading-title elementor-size-default\">24\/7 Huoltop\u00e4ivystys\n<\/h2>\t\t\t\t<\/div>\n\t\t\t\t<\/div>\n\t\t\t\t<div class=\"elementor-element elementor-element-3c1d62f elementor-widget elementor-widget-text-editor\" data-id=\"3c1d62f\" data-element_type=\"widget\" data-widget_type=\"text-editor.default\">\n\t\t\t\t<div class=\"elementor-widget-container\">\n\t\t\t\t\t\t\t\t\t<p>Solmi kanssamme sinulle helppo kiinteist\u00f6huollon sopimus, niin saat p\u00e4ivystyspalvelun, joka on valmiina toimimaan yll\u00e4tt\u00e4vien tilanteiden edess\u00e4. Kellon ymp\u00e4ri, vuoden ymp\u00e4ri, p\u00e4ivyst\u00e4v\u00e4 huoltomies on vain puhelinsoiton p\u00e4\u00e4ss\u00e4.<\/p>\t\t\t\t\t\t\t\t<\/div>\n\t\t\t\t<\/div>\n\t\t\t\t<div class=\"elementor-element elementor-element-1082365 elementor-align-center elementor-widget elementor-widget-button\" data-id=\"1082365\" data-element_type=\"widget\" data-widget_type=\"button.default\">\n\t\t\t\t<div class=\"elementor-widget-container\">\n\t\t\t\t\t\t\t\t\t<div class=\"elementor-button-wrapper\">\n\t\t\t\t\t<a class=\"elementor-button elementor-button-link elementor-size-sm\" href=\"#\">\n\t\t\t\t\t\t<span class=\"elementor-button-content-wrapper\">\n\t\t\t\t\t\t\t\t\t<span class=\"elementor-button-text\">Ota yhteytt\u00e4<\/span>\n\t\t\t\t\t<\/span>\n\t\t\t\t\t<\/a>\n\t\t\t\t<\/div>\n\t\t\t\t\t\t\t\t<\/div>\n\t\t\t\t<\/div>\n\t\t\t\t\t<\/div>\n\t\t<\/div>\n\t\t\t\t\t<\/div>\n\t\t<\/section>\n\t\t\t\t<\/div>\n\t\t","protected":false},"excerpt":{"rendered":"<p>Nuohous Helsingiss\u00e4 ja Uudellamaalla Nuohous on ennaltaehk\u00e4isev\u00e4\u00e4 palontorjuntaty\u00f6t\u00e4, joka on teht\u00e4v\u00e4 nuohoojan toimesta s\u00e4\u00e4nn\u00f6llisesti. Nuohous Helsingiss\u00e4 ja Uudellamaalla Nuohous on [&hellip;]<\/p>\n","protected":false},"author":1,"featured_media":0,"parent":0,"menu_order":0,"comment_status":"closed","ping_status":"closed","template":"elementor_theme","meta":{"site-sidebar-layout":"no-sidebar","site-content-layout":"","ast-site-content-layout":"full-width-container","site-content-style":"default","site-sidebar-style":"default","ast-global-header-display":"","ast-banner-title-visibility":"","ast-main-header-display":"","ast-hfb-above-header-display":"","ast-hfb-below-header-display":"","ast-hfb-mobile-header-display":"","site-post-title":"disabled","ast-breadcrumbs-content":"","ast-featured-img":"disabled","footer-sml-layout":"","theme-transparent-header-meta":"","adv-header-id-meta":"","stick-header-meta":"","header-above-stick-meta":"","header-main-stick-meta":"","header-below-stick-meta":"","astra-migrate-meta-layouts":"default","ast-page-background-enabled":"default","ast-page-background-meta":{"desktop":{"background-color":"var(--ast-global-color-5)","background-image":"","background-repeat":"repeat","background-position":"center center","background-size":"auto","background-attachment":"scroll","background-type":"","background-media":"","overlay-type":"","overlay-color":"","overlay-opacity":"","overlay-gradient":""},"tablet":{"background-color":"","background-image":"","background-repeat":"repeat","background-position":"center center","background-size":"auto","background-attachment":"scroll","background-type":"","background-media":"","overlay-type":"","overlay-color":"","overlay-opacity":"","overlay-gradient":""},"mobile":{"background-color":"","background-image":"","background-repeat":"repeat","background-position":"center center","background-size":"auto","background-attachment":"scroll","background-type":"","background-media":"","overlay-type":"","overlay-color":"","overlay-opacity":"","overlay-gradient":""}},"ast-content-background-meta":{"desktop":{"background-color":"var(--ast-global-color-4)","background-image":"","background-repeat":"repeat","background-position":"center center","background-size":"auto","background-attachment":"scroll","background-type":"","background-media":"","overlay-type":"","overlay-color":"","overlay-opacity":"","overlay-gradient":""},"tablet":{"background-color":"var(--ast-global-color-4)","background-image":"","background-repeat":"repeat","background-position":"center center","background-size":"auto","background-attachment":"scroll","background-type":"","background-media":"","overlay-type":"","overlay-color":"","overlay-opacity":"","overlay-gradient":""},"mobile":{"background-color":"var(--ast-global-color-4)","background-image":"","background-repeat":"repeat","background-position":"center center","background-size":"auto","background-attachment":"scroll","background-type":"","background-media":"","overlay-type":"","overlay-color":"","overlay-opacity":"","overlay-gradient":""}},"footnotes":""},"class_list":["post-13","page","type-page","status-publish","hentry"],"_links":{"self":[{"href":"https:\/\/camma2.ngmprojektit.fi\/index.php\/wp-json\/wp\/v2\/pages\/13","targetHints":{"allow":["GET"]}}],"collection":[{"href":"https:\/\/camma2.ngmprojektit.fi\/index.php\/wp-json\/wp\/v2\/pages"}],"about":[{"href":"https:\/\/camma2.ngmprojektit.fi\/index.php\/wp-json\/wp\/v2\/types\/page"}],"author":[{"embeddable":true,"href":"https:\/\/camma2.ngmprojektit.fi\/index.php\/wp-json\/wp\/v2\/users\/1"}],"replies":[{"embeddable":true,"href":"https:\/\/camma2.ngmprojektit.fi\/index.php\/wp-json\/wp\/v2\/comments?post=13"}],"version-history":[{"count":25,"href":"https:\/\/camma2.ngmprojektit.fi\/index.php\/wp-json\/wp\/v2\/pages\/13\/revisions"}],"predecessor-version":[{"id":220,"href":"https:\/\/camma2.ngmprojektit.fi\/index.php\/wp-json\/wp\/v2\/pages\/13\/revisions\/220"}],"wp:attachment":[{"href":"https:\/\/camma2.ngmprojektit.fi\/index.php\/wp-json\/wp\/v2\/media?parent=13"}],"curies":[{"name":"wp","href":"https:\/\/api.w.org\/{rel}","templated":true}]}}